ite?
False
Let b = 1410 + -3213. Let c be b/(-9)*(-5 + 8). Let i = c + -350. Is i a composite number?
False
Is 36/54 + 1729011/9 a prime number?
True
Is (-62)/(-31) + (0 - (-7234 + -1)) a prime number?
True
Let t = 793 + -1334. Let q = 2442 - t. Is q a prime number?
False
Let j = -175 - -178. Is (86/j)/(6 + (-824)/138) a prime number?
False
Is ((-121111995)/70)/(-51)*14 composite?
False
Suppose m + 18 = 7*m. Suppose 3*z - z - 647 = -3*q, -665 = -2*z + m*q. Let h = z + -69. Is h a composite number?
True
Suppose 4*g - 22 = 10. Let c(z) be the second derivative of 5*z**4/6 + z**3/3 + 17*z**2/2 - 182*z. Is c(g) prime?
True
Let d(a) = 3*a**2 + 22*a + 12. Let v be d(-8). Let g = v - 31. Let n(h) = -13*h**3 - 5*h**2 + h - 10. Is n(g) a prime number?
True
Suppose 2*g + 3*u = 3*g - 17, 0 = 4*u + 12. Suppose 5*w - g = w. Suppose 0*t - 2*t = -w*y + 498, -t = -5. Is y a prime number?
False
Let a(k) be the first derivative of 7*k**2/2 - 6*k + 17. Let o be a(-2). Is (((-3715)/o)/(3/12))/1 a prime number?
True
Let n be 1/7*(-21 - -154). Let z(c) = 34*c - 17. Is z(n) composite?
True
Is 92946909/198 + ((-58)/12 - -5) a composite number?
False
Suppose 0 = 12*c - 8*c - 12. Let u(n) = -n**2 + 2*n + 2. Let o be u(c). Is o*(2 - 3)*251 composite?
False
Let p be 12/(-10) + 12/10. Suppose 6*z + 6*z - 8940 = p. Is z prime?
False
Is ((1110/20)/3)/(5/13070) prime?
False
Suppose 53*r + 179502 - 1448375 = 0. Is r prime?
False
Let m be ((-8)/(-10))/((14/(-35))/(-2)). Let u be (1/1)/m + (-37720)/(-32). Suppose 5*v = 2*g + u, 0*v - v + 225 = -4*g. Is v composite?
True
Is (-30868348)/(-8)*16/56 composite?
False
Suppose -4*x - 5*n = -25, 4*x + 2*n + 4 - 26 = 0. Suppose -k + o = 5*o - 4421, -x*k = -o - 22105. Is k composite?
False
Let d(a) = -a**2 - 32*a - 1. Let p be d(-8). Suppose -2*g - p = -547. Is g a composite number?
True
Let u be 4/3 - (-4880)/48. Let s be u + 1 - (-3)/1. Let j = 394 - s. Is j composite?
True
Let c(g) = -3*g**2 + 38*g - 55. Let r be c(11). Suppose 13*p + 6445 - 43638 = r. Is p composite?
False
Let q(n) = -n**2 + 3*n + 24. Let y(h) = 2*h**2 - 12*h + 6. Let l be y(6). Let b be q(l). Is 15478/b - 10/15 a composite number?
False
Suppose -3*m + 598 + 11815 = -5*n, -3*n + 16512 = 4*m. Suppose m = -7*f + 33370. Is f prime?
True
Suppose -11*z + 329882 = -154305. Is z a composite number?
False
Let p(s) = -s**3 - s**2 - 2. Let t be p(-2). Let n(j) = 3 + 128*j**2 - 4 + 4 - j - 102*j**t. Is n(-2) a composite number?
False
Suppose -2 + 22 = j + 5*k, 5*j - 3*k = -12. Suppose -8*a + 51 + 45 = j. Is 16/a + 519/9 prime?
True
Suppose 0*w - 6*w - 37044 = 0. Let y = w - -10667. Is y composite?
False
Suppose -h = -3, -2*h = -13*i + 16*i - 5613. Suppose n + 4 = 0, r - 5*n = -i + 14670. Is r a composite number?
False
Suppose 0 = -4*c - 2*l + 1410224 + 767672, -5*c + l = -2722349. Is c a prime number?
True
Suppose -26*l + 308 = -19*l. Is 50941/l - 7 - (-2)/8 a composite number?
False
Let n(f) = 2*f + 28. Let q be n(-13). Suppose 0 = 5*y - 18 - q. Suppose -672 = -4*c - y*o, 4*c - 4*o = o + 681. Is c prime?
False
Suppose -f = -3*o + 1445 - 42189, 3*o = -f + 40774. Is f prime?
True
Let u(o) be the second derivative of o**5/15 - 19*o**4/8 - 19*o**3/2 + 47*o**2/2 + o - 2. Let y(h) be the first derivative of u(h). Is y(24) a prime number?
False
Let b be ((-168)/(-5) + 0)/(28/140). Let c = b + 97. Is c prime?
False
Suppose -4*f - 24921 = 5*w + 8724, 2*f + 5*w = -16835. Let o = f + 14568. Is o a prime number?
True
Let b(r) = 34*r**2 - 3*r + 7. Suppose -2*s + 19 = 2*m - 1, 2*s - 4*m = -10. Let i be b(s). Suppose y + 173 = i. Is y a prime number?
False
Let a(x) = 253*x**2 - 10*x - 16. Let p be ((-4)/(-2))/(22/(-77)). Is a(p) prime?
True
Let t(h) = -h**3 - 2*h**2 + 5*h - 16. Suppose -2*k - c = -6*c - 1, 5*c - 6 = 3*k. Is t(k) prime?
False
Let v be (-23)/((-92)/120) + 1*3. Is 4/(-6) + 1106974/v + 3 a prime number?
True
Let q = 13 - 13. Suppose 0 = -q*u + u - 585. Suppose -2*h - 2*j = -584, -h = h + j - u. Is h a prime number?
True
Suppose l = -11*l + 87732. Suppose 0 = -5*j, -5*h + 3*j + l = -2*h. Is h a prime number?
True
Let p(i) = 24*i - 53. Let n(a) = -47*a + 106. Let o(s) = -3*n(s) - 5*p(s). Is o(12) prime?
True
Let u = -201 - -203. Suppose -4*q + u*b = -143530, -4*b + 127837 = 5*q - 51608. Is q a prime number?
False
Is 177675 + (8 - ((-24)/(-4) + 0)) a prime number?
True
Suppose 4*f + 4*d = 444, 0 = -3*f - 4*d + 5*d + 349. Suppose -z + 6*z = f. Suppose z*y - 34*y + 51755 = 0. Is y a composite number?
True
Suppose 161*v - 162*v - 948065 = -5*l, -379226 = -2*l - 5*v. Is l a composite number?
False
Let i(m) = 4451*m**3 + 3*m**2 + 51*m - 95. Is i(2) prime?
False
Let c(x) = 7*x + 67. Let p be c(-16). Is (9/p)/((-1)/(1193*5)) prime?
True
Suppose 3*q = -0*q + 3*r + 30, -32 = -5*q - 4*r. Suppose 2*i = -q*i. Suppose i = 4*l - 574 - 910. Is l a composite number?
True
Let t(l) = 85788*l**3 - 11*l + 10. Is t(1) composite?
True
Suppose -11 = 2*p - 4*p - 3*l, -p + 6 = 2*l. Let z(y) = -y**2 + y + 1408. Let i be z(0). Suppose p*u - i = 372. Is u prime?
False
Suppose -3*q - 93 = -4*f + 272, -q - 90 = 5*f. Let d = q + 106. Let z(m) = -102*m - 25. Is z(d) prime?
False
Let v = 2784327 - 1631624. Is v a composite number?
True
Let k be (6/2)/(-3) + 0. Let c(w) = w**2 - w. Let j(v) = -84*v**2 + 8*v + 6. Let q(p) = k*j(p) - 3*c(p). Is q(5) composite?
True
Suppose 5*r + 4*y - 1321253 = 0, -4*r + 806564 + 250442 = 2*y. Is r a composite number?
True
Let p = -9 - -12. Let l(r) = -r**2 + 23*r + 53. Let j be l(25). Suppose 0 = m + 4*m + 15, -p*s = -j*m - 636. Is s composite?
True
Let t = 1 + 3. Suppose -4*r + 8*r + 5*q = 22, 5 = 5*r - 5*q. Suppose w = 5, r*k + w - 459 = t*w. Is k composite?
True
Let y(c) = 33*c**2 - 132*c - 2. Let k be y(-10). Is -1*k*(-1)/2 prime?
True
Suppose -c + 102326 = -2*b, 2*c = -6*b + 7*b + 204670. Is c prime?
False
Suppose s + 2742 = 2*c, -4*c = 4*s - 0*s - 5484. Let o = c + -562. Is o composite?
False
Suppose 15570*v = 15552*v + 14838102. Is v a composite number?
False
Let x be ((-3)/21 + (-6)/(-6))*-7. Is 234/(-12)*(2446/x + 3) prime?
False
Let t(y) = 140*y**2 - 173*y - 29. Is t(-22) composite?
False
Let t(c) = -3015*c**3 + 7*c**2 + 34*c + 35. Is t(-3) prime?
True
Suppose -2*a - 45 = -7*a. Let k = -7 + a. Let s(f) = 71*f + 3. Is s(k) prime?
False
Suppose -157*q + 250*q - 77733213 = 0. Is q a composite number?
False
Let p(x) = 6*x**2 - x + 4. Let f be p(-4). Suppose -f*l - 2285 = -99*l. Let u = 866 + l. Is u prime?
True
Let y = -435 + 444. Is (10/y)/5 + (-180709)/(-171) prime?
False
Let t(l) = -4*l**3 - 20*l**2 - 87*l - 587. Is t(-26) prime?
False
Let j = 523197 - 224242. Is j composite?
True
Let o = -1335 - -883. Let u = o + 871. Is u composite?
False
Suppose -3*c - 4*j - 15 = j, -12 = c + 4*j. Suppose c = -10*b + 5 + 15. Suppose o + 2143 = 6*o + 4*p, -b = -p. Is o a composite number?
True
Suppose -10*z + 131 = 51. Let w be -1 + z/(-2)*(-5)/(-4). Is (1559/2)/((0 - 3)/w) a prime number?
True
Let t(v) = -264*v**3 - 8*v**2 - 31*v + 19. Is t(-6) composite?
False
Suppose -60*r - 62*r + 41949578 = 0. Is r prime?
False
Suppose -4*d + 2516 = 3*o, -3*d = -0*d + 3. Suppose -4*h = 3*z + 859, -5*h + 3*z = -z + 1097. Let u = o + h. Is u composite?
True
Is 3 + (7 + -11 - -17786) a composite number?
True
Let i(y) be the third derivative of -25*y**4/12 - 9*y**3 + 4*y**2. Let w be i(-24). Suppose -2*b + 1935 = 5*g, -2*b - w + 3041 = -3*g. Is b a composite number?
True
Suppose 4*n - 4*p = 3001 + 1275, 0 = 2*p - 10. Let a(j) = -2*j + 6. Let s be a(3). Suppose s*c - n = -6*c. Is c a composite number?
False
Suppose 992*r = 1030*r - 2459854. Is r a composite number?
True
Let h(x) = -4 - x**3 + 5*x + 3 - 8 + 14*x**2. Let i(r) = -81*r - 799. Let z be i(-10). Is h(z) a composite number?
False
Suppose 0*c = -2*c + z + 168, 3*z = 2*c - 176. Suppose -84*i + 1778 = -c*i. Is i composite?
True
Let f = 1066577 - 674008. Is f prime?
True
Let b = 178698 + -69605. Is b a composite number?
True
Let c(d) be the first derivative of 157*d**2/2 - 57*d + 55. Is c(28) prime?
True
Suppose -b = -20*b + 76. Is (-282)/b*(-6536)/228 composite?
True
Suppose 0 = -0*b + 4*b - 4*h - 11872, b - 3*h = 2964. Suppose 0 = -c - 2*c + b. Suppose -2*w + 4172 = c. Is w a composite number?
True
Let p(r) = -2554*r - 995. Is p(-14) prime?
Fa